. Give r(4).
-54
Let p(r) = -r**3 + 11*r**2 + 4*r + 17. Determine p(11).
61
Let v(n) = -6*n + 16. Calculate v(8).
-32
Let a(x) = x**2 + 18*x - 65. What is a(6)?
79
Let j(v) = v**3 - 8*v**2 - v + 57. Calculate j(4).
-11
Let f(x) = -x**3 - 6*x**2 - x - 3. Calculate f(-5).
-23
Let f(d) = d**3 - 15*d**2 - 35*d - 17. Calculate f(17).
-34
Let g(f) = -2*f - 2. What is g(3)?
-8
Let b(n) = -3*n**2 - 31*n + 24. Determine b(-11).
2
Let a(c) = c**2 + 23*c - 174. What is a(6)?
0
Let b(p) = -p**2 + 8*p - 8. Determine b(5).
7
Let d(z) = 3*z**2 + 4*z - 13. Calculate d(3).
26
Let r(h) = 134*h**3 - h**2 + 1. Give r(1).
134
Let r(j) = 2*j**2 + 7*j + 2. What is r(-7)?
51
Let y(f) = f**3 - 23*f**2 - 52*f + 48. Give y(25).
-2
Let z(q) = -q**3 + 4*q**2 + 4*q + 5. Calculate z(5).
0
Let h(a) = a**2 + 3*a + 29. Give h(-6).
47
Let d(v) = 3*v**3 - 2*v**2 + 3*v + 4. Determine d(-2).
-34
Let w(o) = -82*o + 385. Calculate w(5).
-25
Let d(m) = -m**2 - 12*m - 24. Calculate d(-14).
-52
Let m(c) = c**2 - c. What is m(0)?
0
Let i(p) = 5*p - 62. Give i(9).
-17
Let p(v) = v**3 - 7*v + 2. What is p(-3)?
-4
Let g(c) = -c**3 + 7*c**2 - 8*c + 7. Determine g(6).
-5
Let d(v) = -v**3 - v**2 + v - 5. What is d(0)?
-5
Let q(f) = 8*f**3 + f**2 - 8*f + 6. Calculate q(1).
7
Let r(j) = -51*j**3 + j. Give r(1).
-50
Let v(n) = -n**3 - 7*n**2 + 9*n + 14. What is v(-8)?
6
Let i(s) = s**3 - 4*s**2 - 7*s + 4. What is i(5)?
-6
Let k(l) = -12*l + 91. Determine k(10).
-29
Let v(u) = 8*u + 144. Determine v(-18).
0
Let f(a) = 26*a - 3. Calculate f(0).
-3
Let d(j) = -j**2 - 16*j + 2. Determine d(-11).
57
Let t(a) = 24*a - 766. Give t(32).
2
Let a(x) = -7*x**2 + 4*x. What is a(-1)?
-11
Let f(t) = 7*t - 56. What is f(6)?
-14
Let i(q) = -q**3 - 3*q**2 + 2*q + 2. Give i(2).
-14
Let g(n) = 5*n - 8. What is g(-8)?
-48
Let w(a) = -2*a**3 - 32*a**2 - 30*a + 10. Calculate w(-15).
10
Let d(r) = r**2 - 11*r + 14. Give d(6).
-16
Let m(o) = -o**3 + 8*o**2 - 7*o - 2. Give m(6).
28
Let t(x) = 5*x - 66. Determine t(13).
-1
Let z(r) = r**2 + 7*r + 9. Calculate z(-9).
27
Let u(v) = 10*v - 17. Give u(2).
3
Let j(g) = -g**2 - 11*g + 6. Give j(-9).
24
Let j(x) = x**3 - 20*x**2 + x - 8. Calculate j(20).
12
Let z(y) = -y**2 - 3*y - 7. Determine z(-3).
-7
Let v(d) = -2*d**3 - 7*d**2 + d + 3. What is v(-5)?
73
Let s(t) = -t**3 - 6*t**2 - 2*t. Determine s(-4).
-24
Let p(d) = 2*d**2 + 3*d - 2. What is p(1)?
3
Let f(j) = -j**3 - 16*j**2 - 28*j + 4. Determine f(-14).
4
Let g(u) = u**3 - 11*u**2 - 14*u. Calculate g(12).
-24
Let i(o) = 2*o**3 + 18*o**2 + 4*o + 28. Calculate i(-9).
-8
Let u(m) = m**2 - 10*m - 58. Calculate u(17).
61
Let x(w) = w**2 + w + 6. Calculate x(-5).
26
Let p(q) = -17*q + 39. Calculate p(-10).
209
Let m(k) = 2*k**2 + 5*k. Calculate m(-5).
25
Let a(c) = -2*c - 4. Give a(5).
-14
Let k(d) = 8*d. Determine k(3).
24
Let h(v) = v**3 - 10*v**2 + 8*v + 3. Determine h(9).
-6
Let u(c) = -c**2 - 8*c - 2. Give u(-5).
13
Let f(i) = i**3 + 11*i**2 - 14*i - 29. Calculate f(-12).
-5
Let x(w) = 12*w**2 + w + 1. Determine x(1).
14
Let u(a) = a**3 + 5*a**2 + 3*a + 1. Give u(-2).
7
Let w(m) = 2*m**2 - 4*m - 6. Determine w(5).
24
Let s(o) = o - 3. What is s(-8)?
-11
Let y(v) = 41*v + 241. Give y(-6).
-5
Let d(x) = -10*x**3 + 61*x**2 - 6*x + 5. Determine d(6).
5
Let q(z) = -3*z**2 - 12*z - 12. Determine q(-5).
-27
Let r(j) = 2*j**2 + 3*j + 1. Determine r(3).
28
Let x(c) = -c**2 + 8*c - 26. Calculate x(4).
-10
Let k(h) = -4*h**2 - h - 6. Give k(-3).
-39
Let z(c) = -8*c + 25. Determine z(4).
-7
Let k(r) = 5*r + 73. Determine k(-14).
3
Let d(w) = 2*w**3 + 12*w**2 - 23. Determine d(-5).
27
Let s(r) = -r**3 - 16*r**2 - 29*r - 24. What is s(-14)?
-10
Let w(z) = 5*z. What is w(-2)?
-10
Let d(b) = b**2 + 9*b + 6. Determine d(-7).
-8
Let k(x) = -x**3 - 2*x**2 + 9. Determine k(-4).
41
Let z(w) = -w**3 + 8*w**2 - 13*w + 16. What is z(4)?
28
Let y(g) = 12*g + 92. Give y(-8).
-4
Let d(h) = -h**3 + 4*h**2 - 13*h + 62. What is d(4)?
10
Let f(u) = -u**2 - 10*u - 4. Give f(-8).
12
Let z(s) = 2*s**2 + 14*s + 27. Give z(-6).
15
Let s(a) = a**3 + 5*a**2 - 4*a - 1. What is s(-4)?
31
Let f(k) = -2*k**3 - 22*k**2 - 2*k - 9. Calculate f(-11).
13
Let f(x) = -x**3 + 4*x**2 - x - 5. What is f(3)?
1
Let v(k) = -k**2 + 19*k - 62. What is v(7)?
22
Let w(o) = -3*o**2 - 9*o + 9. Calculate w(5).
-111
Let b(m) = -m**3 - 16*m**2 - 15*m - 33. Determine b(-15).
-33
Let a(z) = z**3 + 15*z**2 - 18*z - 6. Give a(-16).
26
Let r(a) = 9*a + 1. Give r(1).
10
Let q(p) = 4*p + 23. Give q(-4).
7
Let h(v) = -v**3 + 3*v**2 + 5*v - 2. Calculate h(6).
-80
Let k(b) = b**3 - 5*b - 2. Give k(-3).
-14
Let z(x) = 10*x - 124. Give z(8).
-44
Let t(a) = -a**3 + 9*a**2 - 26*a + 40. Determine t(6).
-8
Let l(p) = -5*p - 14. Determine l(5).
-39
Let p(f) = -f**3 + 6*f**2 + 6*f - 6. Determine p(5).
49
Let j(d) = -d**2 - 9*d - 5. Give j(-6).
13
Let u(t) = t**3 + t**2 + 2. Determine u(0).
2
Let h(l) = -13*l + 32. What is h(7)?
-59
Let p(f) = f**2 - 14*f - 4. Determine p(15).
11
Let l(d) = -8*d**2 + 24*d + 23. Calculate l(-1).
-9
Let r(x) = -8*x - 115. Determine r(-14).
-3
Let s(o) = -o**3 - o**2 - 7*o + 30. What is s(0)?
30
Let d(y) = -2*y + 37. Calculate d(0).
37
Let c(j) = j**2 - 10*j - 170. Give c(18).
-26
Let z(i) = 12*i + 89. Give z(7).
173
Let w(j) = j**3 + 17*j**2 + 16*j + 7. What is w(-16)?
7
Let u(h) = 3*h + 3. What is u(1)?
6
Let f(c) = -30*c - 241. What is f(-8)?
-1
Let s(q) = q**2 + 4*q + 2. Determine s(0).
2
Let a(n) = -13*n - 290. Determine a(-22).
-4
Let n(p) = p**2 + p - 97. Calculate n(-10).
-7
Let u(t) = -2*t + 8. Give u(6).
-4
Let a(j) = j**3 + j**2 + 2*j - 8. Calculate a(0).
-8
Let f(m) = -5*m + 23. Calculate f(3).
8
Let s(z) = -z**3 - 6. What is s(0)?
-6
Let d(l) = 2*l**2 - 33*l + 49. Give d(15).
4
Let h(d) = -d**2 + 3*d + 5. Give h(0).
5
Let y(h) = h**3 + 20*h**2 + 11. Calculate y(-20).
11
Let s(b) = 3*b - 27. What is s(-12)?
-63
Let l(m) = m**2 + 11*m - 27. Give l(-13).
-1
Let g(z) = z - 21. What is g(17)?
-4
Let g(l) = -l + 52. What is g(-15)?
67
Let l(a) = -20*a**3 + 2*a**2 - 4*a + 3. Determine l(1).
-19
Let b(h) = h - 4. Calculate b(-7).
-11
Let u(v) = v**3 - 24*v**2 + 23*v + 11. Give u(23).
11
Let t(m) = -m**3 + 4*m**2 - 2*m. Determine t(2).
4
Let r(v) = -13*v - 1. What is r(-1)?
12
Let r(m) = -43*m**2 + 3*m - 2. Give r(1).
-42
Let f(w) = -w**3 + 12*w**2 + 8*w + 30. Calculate f(13).
-35
Let a(j) = j**2 - 6*j - 28. Calculate a(6).
-28
Let w(a) = -a**3 + 6*a**2 - a + 23. What is w(7)?
-33
Let c(v) = -v**2 + 35*v + 8. Determine c(35).
8
Let v(r) = -r**3 + 14*r**2 + 17*r - 35. What is v(15)?
-5
Let d(m) = m**2 + 8*m + 8. Give d(-2).
-4
Let i(o) = o**2 - 4*o - 11. Give i(15).
154
Let a(d) = d**3 + 25*d**2 - 2*d - 33. Give a(-25).
17
Let p(c) = -c**3 - 6*c**2 - 2*c - 14. Give p(-6).
-2
Let z(c) = c**2 + 24*c - 75. Determine z(3).
6
Let b(i) = -68*i**3 - 2*i**2 + 2*i - 1. What is b(1)?
-69
Let o(s) = 2*s**2 + 30*s + 51. What is o(-13)?
-1
Let u(m) = m**2 - 17*m + 75. Give u(10).
5
Let a(x) = 6*x**2 + x. What is a(-1)?
5
Let l(n) = -49*n + 2. Determine l(-1).
51
Let s(m) = 6*m**2 - 3*m. Give s(2).
18
Let x(k) = -k**3 + 33*k**2 - 3*k - 12. What is x(33)?
-111
Let l(a) = -4*a**2 + 7*a - 1. Give l(3).
-16
Let b(i) = i**3 - 8*i**2 - 2*i - 5. Determine b(8).
-21
Let t(w) = -2*w**2 + 20. Calculate t(-5).
-30
Let r(g) = -g**2 - 12. What is r(9)?
-93
Let u(c) = c**3 + 26*c**2 + 2*c + 50. Give u(-26).
-2
Let s(q) = -3*q**2 - 4*q + 5. Give s(-4).
-27
Let g(d) = -d**2 - 5*d + 3. Calculate g(-5).
3
Let a(z) = -z**2 - 8*z - 10. What is a(-2)?
2
Let o(b) = -2*b**2 + 6*b - 6. Give o(6).
-42
Let x(d) = -4*d**2 + d - 1. Give x(-3).
-40
Let l(o) = -o**2 + 4*o - 13. What is l(7)?
-34
Let c(f) = f**2 + 35*f + 202. What is c(-28)?
6
Let f(z) = z**2 - 2*z - 7. Give f(-3).
8
Let z(n) = n**3 - 15*n**2 - 15*n - 14. Give z(16).
2
Let m(f) = -f + 30. What is m(12)?
18
Let x(s) = -2*s**3 + 48*s**2 - 45*s - 33. Determine x(23).
-10
Let l(b) = -b**3 - 11*b**2 - b + 1. Give l(-11).
12
Let j(n) = -n**2 - 7*n - 4. Determine j(-7).
-4
Let w(y) = -14*y + 28. Give w(3).
-14
Let o(k) = -4*k - 5. Determine o(-4).
11
Let y(z) = -2*z - 50. Give y(-11).
-28
Let u(z) = -3*z**2 + 5*z - 11. What is u(3)?
-23
Let r(o) = 41*o**2 - 1. Determine r(-1).
40
Let r(l) = -2*l - 39. Give r(-19).
-1
Let a(g) = -g**2 + 15*g + 7. De